{"id":3003,"date":"2023-04-28T07:45:07","date_gmt":"2023-04-28T05:45:07","guid":{"rendered":"https:\/\/emazing-creations.com\/academy\/?post_type=product&#038;p=3003"},"modified":"2023-05-23T07:31:07","modified_gmt":"2023-05-23T05:31:07","slug":"cukrmaster-marmor-in-staran-kamen","status":"publish","type":"product","link":"https:\/\/emazing-creations.com\/academy\/product\/cukrmaster-marmor-in-staran-kamen\/","title":{"rendered":"Cukrmaster &#8211; Marmor in staran kamen"},"content":{"rendered":"<p>Na tem intenzivnem hands-on live workshopu se bomo spoznavali s tehniko staranega kamna in marmornega efekta.<\/p>\n<p>Popeljala vas bom skozi priprave, vse podrobne korake tehnik, realizacije dizajna s staranim kamnom in trike za uspe\u0161no kreiranje takih dizajnov.<\/p>\n<p>Ve\u010dnadstropno razstavno torto bomo oblekli v staran kamen z marmoriranim efektom, okrasili z zlatimi \u017eilami, zlatimi listi\u010di in kaligrafsko poslikavo, na koncu pa jo zaklju\u010dili s prezerviranim in sve\u017eim cvetjem.<\/p>\n<p>Te\u010daj je primeren za vse, ki \u017eelite nadgraditi dekoracijo va\u0161ih tort in slediti modernim trendom v svetu sla\u0161\u010di\u010darstva. Znanje, ki ga pridobite na tem te\u010daju lahko prenesete v svoje doma\u010de izdelke ali posel, povsem v svojem stilu in s pridihom va\u0161ega emazingnessa. Z novimi tehnikami se boste opolnomo\u010dili in prejeli &#8220;booster&#8221; novih tehnik, ki bodo nadgradile va\u0161e sposobnosti dekoriranja tort.<\/p>\n<p>&nbsp;<\/p>\n<p>&nbsp;<\/p>\n","protected":false},"excerpt":{"rendered":"<p>&nbsp;<\/p>\n<p><img decoding=\"async\" loading=\"lazy\" class=\"alignnone size-medium wp-image-3006\" src=\"https:\/\/emazing-creations.com\/academy\/wp-content\/uploads\/cukrmaster-staran-kamen-tehnika-500x500.jpg\" alt=\"Cukrmaster staran kamen tehnika\" width=\"500\" height=\"500\" srcset=\"https:\/\/emazing-creations.com\/academy\/wp-content\/uploads\/cukrmaster-staran-kamen-tehnika-500x500.jpg 500w, https:\/\/emazing-creations.com\/academy\/wp-content\/uploads\/cukrmaster-staran-kamen-tehnika-350x350.jpg 350w, https:\/\/emazing-creations.com\/academy\/wp-content\/uploads\/cukrmaster-staran-kamen-tehnika-768x768.jpg 768w, https:\/\/emazing-creations.com\/academy\/wp-content\/uploads\/cukrmaster-staran-kamen-tehnika-600x600.jpg 600w, https:\/\/emazing-creations.com\/academy\/wp-content\/uploads\/cukrmaster-staran-kamen-tehnika-100x100.jpg 100w, https:\/\/emazing-creations.com\/academy\/wp-content\/uploads\/cukrmaster-staran-kamen-tehnika.jpg 1200w\" sizes=\"(max-width: 500px) 100vw, 500px\" \/><\/p>\n<p>Pripravili bomo ve\u010dnadstropno torto s tehniko staranega kamna, marmoriranim efektom, zlatimi \u017eilami in listi\u010di, kaligrafskim napisom in okrasitvijo s cvetjem.<\/p>\n<p>&nbsp;<\/p>\n","protected":false},"featured_media":3006,"template":"","meta":{"inline_featured_image":false,"_mi_skip_tracking":false},"product_cat":[22,32],"product_tag":[],"yoast_head":"<!-- This site is optimized with the Yoast SEO plugin v20.6 - https:\/\/yoast.com\/wordpress\/plugins\/seo\/ -->\n<title>Cukrmaster - Marmor in staran kamen - Emazing Academy<\/title>\n<meta name=\"description\" content=\"Na tem demonstracijskem live workshopu se bomo spoznavali z izdelavo dvonadstropne poro\u010dne torte in vsem, kar pa\u0161e zraven.\" \/>\n<meta name=\"robots\" content=\"index, follow, max-snippet:-1, max-image-preview:large, max-video-preview:-1\" \/>\n<link rel=\"canonical\" href=\"https:\/\/emazing-creations.com\/academy\/product\/cukrmaster-marmor-in-staran-kamen\/\" \/>\n<meta property=\"og:locale\" content=\"sl_SI\" \/>\n<meta property=\"og:type\" content=\"article\" \/>\n<meta property=\"og:title\" content=\"Cukrmaster - Marmor in staran kamen - Emazing Academy\" \/>\n<meta property=\"og:description\" content=\"Na tem demonstracijskem live workshopu se bomo spoznavali z izdelavo dvonadstropne poro\u010dne torte in vsem, kar pa\u0161e zraven.\" \/>\n<meta property=\"og:url\" content=\"https:\/\/emazing-creations.com\/academy\/product\/cukrmaster-marmor-in-staran-kamen\/\" \/>\n<meta property=\"og:site_name\" content=\"Emazing Academy\" \/>\n<meta property=\"article:publisher\" content=\"https:\/\/www.facebook.com\/emazingcreationsbyema\/\" \/>\n<meta property=\"article:modified_time\" content=\"2023-05-23T05:31:07+00:00\" \/>\n<meta property=\"og:image\" content=\"https:\/\/emazing-creations.com\/academy\/wp-content\/uploads\/cukrmaster-staran-kamen-tehnika.jpg\" \/>\n\t<meta property=\"og:image:width\" content=\"1200\" \/>\n\t<meta property=\"og:image:height\" content=\"1200\" \/>\n\t<meta property=\"og:image:type\" content=\"image\/jpeg\" \/>\n<meta name=\"twitter:card\" content=\"summary_large_image\" \/>\n<script type=\"application\/ld+json\" class=\"yoast-schema-graph\">{\"@context\":\"https:\/\/schema.org\",\"@graph\":[{\"@type\":\"WebPage\",\"@id\":\"https:\/\/emazing-creations.com\/academy\/product\/cukrmaster-marmor-in-staran-kamen\/\",\"url\":\"https:\/\/emazing-creations.com\/academy\/product\/cukrmaster-marmor-in-staran-kamen\/\",\"name\":\"Cukrmaster - Marmor in staran kamen - Emazing Academy\",\"isPartOf\":{\"@id\":\"https:\/\/emazing-creations.com\/academy\/#website\"},\"datePublished\":\"2023-04-28T05:45:07+00:00\",\"dateModified\":\"2023-05-23T05:31:07+00:00\",\"description\":\"Na tem demonstracijskem live workshopu se bomo spoznavali z izdelavo dvonadstropne poro\u010dne torte in vsem, kar pa\u0161e zraven.\",\"breadcrumb\":{\"@id\":\"https:\/\/emazing-creations.com\/academy\/product\/cukrmaster-marmor-in-staran-kamen\/#breadcrumb\"},\"inLanguage\":\"sl-SI\",\"potentialAction\":[{\"@type\":\"ReadAction\",\"target\":[\"https:\/\/emazing-creations.com\/academy\/product\/cukrmaster-marmor-in-staran-kamen\/\"]}]},{\"@type\":\"BreadcrumbList\",\"@id\":\"https:\/\/emazing-creations.com\/academy\/product\/cukrmaster-marmor-in-staran-kamen\/#breadcrumb\",\"itemListElement\":[{\"@type\":\"ListItem\",\"position\":1,\"name\":\"Home\",\"item\":\"https:\/\/emazing-creations.com\/academy\/\"},{\"@type\":\"ListItem\",\"position\":2,\"name\":\"Trgovina\",\"item\":\"https:\/\/emazing-creations.com\/academy\/trgovina\/\"},{\"@type\":\"ListItem\",\"position\":3,\"name\":\"Cukrmaster &#8211; Marmor in staran kamen\"}]},{\"@type\":\"WebSite\",\"@id\":\"https:\/\/emazing-creations.com\/academy\/#website\",\"url\":\"https:\/\/emazing-creations.com\/academy\/\",\"name\":\"Emazing Academy\",\"description\":\"Sladki spletni te\u010daji\",\"publisher\":{\"@id\":\"https:\/\/emazing-creations.com\/academy\/#organization\"},\"potentialAction\":[{\"@type\":\"SearchAction\",\"target\":{\"@type\":\"EntryPoint\",\"urlTemplate\":\"https:\/\/emazing-creations.com\/academy\/?s={search_term_string}\"},\"query-input\":\"required name=search_term_string\"}],\"inLanguage\":\"sl-SI\"},{\"@type\":\"Organization\",\"@id\":\"https:\/\/emazing-creations.com\/academy\/#organization\",\"name\":\"Emazing Creations\",\"alternateName\":\"Emazing Creations\",\"url\":\"https:\/\/emazing-creations.com\/academy\/\",\"logo\":{\"@type\":\"ImageObject\",\"inLanguage\":\"sl-SI\",\"@id\":\"https:\/\/emazing-creations.com\/academy\/#\/schema\/logo\/image\/\",\"url\":\"https:\/\/emazing-creations.com\/academy\/wp-content\/uploads\/logo-main-black-2.svg\",\"contentUrl\":\"https:\/\/emazing-creations.com\/academy\/wp-content\/uploads\/logo-main-black-2.svg\",\"width\":547,\"height\":147,\"caption\":\"Emazing Creations\"},\"image\":{\"@id\":\"https:\/\/emazing-creations.com\/academy\/#\/schema\/logo\/image\/\"},\"sameAs\":[\"https:\/\/www.facebook.com\/emazingcreationsbyema\/\"]}]}<\/script>\n<!-- \/ Yoast SEO plugin. -->","yoast_head_json":{"title":"Cukrmaster - Marmor in staran kamen - Emazing Academy","description":"Na tem demonstracijskem live workshopu se bomo spoznavali z izdelavo dvonadstropne poro\u010dne torte in vsem, kar pa\u0161e zraven.","robots":{"index":"index","follow":"follow","max-snippet":"max-snippet:-1","max-image-preview":"max-image-preview:large","max-video-preview":"max-video-preview:-1"},"canonical":"https:\/\/emazing-creations.com\/academy\/product\/cukrmaster-marmor-in-staran-kamen\/","og_locale":"sl_SI","og_type":"article","og_title":"Cukrmaster - Marmor in staran kamen - Emazing Academy","og_description":"Na tem demonstracijskem live workshopu se bomo spoznavali z izdelavo dvonadstropne poro\u010dne torte in vsem, kar pa\u0161e zraven.","og_url":"https:\/\/emazing-creations.com\/academy\/product\/cukrmaster-marmor-in-staran-kamen\/","og_site_name":"Emazing Academy","article_publisher":"https:\/\/www.facebook.com\/emazingcreationsbyema\/","article_modified_time":"2023-05-23T05:31:07+00:00","og_image":[{"width":1200,"height":1200,"url":"https:\/\/emazing-creations.com\/academy\/wp-content\/uploads\/cukrmaster-staran-kamen-tehnika.jpg","type":"image\/jpeg"}],"twitter_card":"summary_large_image","schema":{"@context":"https:\/\/schema.org","@graph":[{"@type":"WebPage","@id":"https:\/\/emazing-creations.com\/academy\/product\/cukrmaster-marmor-in-staran-kamen\/","url":"https:\/\/emazing-creations.com\/academy\/product\/cukrmaster-marmor-in-staran-kamen\/","name":"Cukrmaster - Marmor in staran kamen - Emazing Academy","isPartOf":{"@id":"https:\/\/emazing-creations.com\/academy\/#website"},"datePublished":"2023-04-28T05:45:07+00:00","dateModified":"2023-05-23T05:31:07+00:00","description":"Na tem demonstracijskem live workshopu se bomo spoznavali z izdelavo dvonadstropne poro\u010dne torte in vsem, kar pa\u0161e zraven.","breadcrumb":{"@id":"https:\/\/emazing-creations.com\/academy\/product\/cukrmaster-marmor-in-staran-kamen\/#breadcrumb"},"inLanguage":"sl-SI","potentialAction":[{"@type":"ReadAction","target":["https:\/\/emazing-creations.com\/academy\/product\/cukrmaster-marmor-in-staran-kamen\/"]}]},{"@type":"BreadcrumbList","@id":"https:\/\/emazing-creations.com\/academy\/product\/cukrmaster-marmor-in-staran-kamen\/#breadcrumb","itemListElement":[{"@type":"ListItem","position":1,"name":"Home","item":"https:\/\/emazing-creations.com\/academy\/"},{"@type":"ListItem","position":2,"name":"Trgovina","item":"https:\/\/emazing-creations.com\/academy\/trgovina\/"},{"@type":"ListItem","position":3,"name":"Cukrmaster &#8211; Marmor in staran kamen"}]},{"@type":"WebSite","@id":"https:\/\/emazing-creations.com\/academy\/#website","url":"https:\/\/emazing-creations.com\/academy\/","name":"Emazing Academy","description":"Sladki spletni te\u010daji","publisher":{"@id":"https:\/\/emazing-creations.com\/academy\/#organization"},"potentialAction":[{"@type":"SearchAction","target":{"@type":"EntryPoint","urlTemplate":"https:\/\/emazing-creations.com\/academy\/?s={search_term_string}"},"query-input":"required name=search_term_string"}],"inLanguage":"sl-SI"},{"@type":"Organization","@id":"https:\/\/emazing-creations.com\/academy\/#organization","name":"Emazing Creations","alternateName":"Emazing Creations","url":"https:\/\/emazing-creations.com\/academy\/","logo":{"@type":"ImageObject","inLanguage":"sl-SI","@id":"https:\/\/emazing-creations.com\/academy\/#\/schema\/logo\/image\/","url":"https:\/\/emazing-creations.com\/academy\/wp-content\/uploads\/logo-main-black-2.svg","contentUrl":"https:\/\/emazing-creations.com\/academy\/wp-content\/uploads\/logo-main-black-2.svg","width":547,"height":147,"caption":"Emazing Creations"},"image":{"@id":"https:\/\/emazing-creations.com\/academy\/#\/schema\/logo\/image\/"},"sameAs":["https:\/\/www.facebook.com\/emazingcreationsbyema\/"]}]}},"_links":{"self":[{"href":"https:\/\/emazing-creations.com\/academy\/wp-json\/wp\/v3\/product\/3003"}],"collection":[{"href":"https:\/\/emazing-creations.com\/academy\/wp-json\/wp\/v3\/product"}],"about":[{"href":"https:\/\/emazing-creations.com\/academy\/wp-json\/wp\/v2\/types\/product"}],"wp:featuredmedia":[{"embeddable":true,"href":"https:\/\/emazing-creations.com\/academy\/wp-json\/wp\/v2\/media\/3006"}],"wp:attachment":[{"href":"https:\/\/emazing-creations.com\/academy\/wp-json\/wp\/v2\/media?parent=3003"}],"wp:term":[{"taxonomy":"product_cat","embeddable":true,"href":"https:\/\/emazing-creations.com\/academy\/wp-json\/wp\/v2\/product_cat?post=3003"},{"taxonomy":"product_tag","embeddable":true,"href":"https:\/\/emazing-creations.com\/academy\/wp-json\/wp\/v2\/product_tag?post=3003"}],"curies":[{"name":"wp","href":"https:\/\/api.w.org\/{rel}","templated":true}]}}