{"id":2976,"date":"2023-04-26T08:48:27","date_gmt":"2023-04-26T06:48:27","guid":{"rendered":"https:\/\/emazing-creations.com\/academy\/?post_type=product&#038;p=2976"},"modified":"2023-04-30T19:37:44","modified_gmt":"2023-04-30T17:37:44","slug":"family-fun-cukri-za-konec-sole","status":"publish","type":"product","link":"https:\/\/emazing-creations.com\/academy\/product\/family-fun-cukri-za-konec-sole\/","title":{"rendered":"Family fun &#8211; Cukri za konec \u0161ole"},"content":{"rendered":"<p>Na tem FAMILY FUN live workshopu se bomo dru\u017eili in pripravljali slastne cukre s svojimi doma\u010dimi.<\/p>\n<p>Pripravili bomo \u010dudovite mini kronce dveh okusov:<br \/>\n1. BUENO (le\u0161nikova tortica, obliv bele \u010dokolade z le\u0161niki, ganache bele \u010dokolade z nugatom, kremni frosting z nutello in nugatom)<br \/>\n2. LIMONA BOROVNICA (limonina tortica, obliv bele \u010dokolade z liofiliziranimi borovnicami, limonin curd, kremni frosting z borovnicami)<\/p>\n<p>Potekala bo spro\u0161\u010dena demonstracija in priprava razli\u010dnih komponent, poudarek pa bo na zabavnem dru\u017eenju, packanju, radovednosti, zabavi in smehu.<\/p>\n<p>Cukre bomo skupaj okra\u0161evali, jih pomakali v \u010dokolado, brizgali kreme in dekorirali. Vsak bo domov odnesel sla\u0161\u010dice, ki jih bo izdelal skupaj z doma\u010dimi.<\/p>\n","protected":false},"excerpt":{"rendered":"<p><img decoding=\"async\" loading=\"lazy\" class=\"alignnone size-medium wp-image-2986\" src=\"https:\/\/emazing-creations.com\/academy\/wp-content\/uploads\/Family-fun-kronce-500x500.jpg\" alt=\"Family fun kronce\" width=\"500\" height=\"500\" srcset=\"https:\/\/emazing-creations.com\/academy\/wp-content\/uploads\/Family-fun-kronce-500x500.jpg 500w, https:\/\/emazing-creations.com\/academy\/wp-content\/uploads\/Family-fun-kronce-350x350.jpg 350w, https:\/\/emazing-creations.com\/academy\/wp-content\/uploads\/Family-fun-kronce-768x768.jpg 768w, https:\/\/emazing-creations.com\/academy\/wp-content\/uploads\/Family-fun-kronce-600x600.jpg 600w, https:\/\/emazing-creations.com\/academy\/wp-content\/uploads\/Family-fun-kronce-100x100.jpg 100w, https:\/\/emazing-creations.com\/academy\/wp-content\/uploads\/Family-fun-kronce.jpg 1200w\" sizes=\"(max-width: 500px) 100vw, 500px\" \/><\/p>\n<p>Family fun te\u010daj je namenjen zabavnemu dru\u017eenju in pre\u017eivljanju kvalitetnih trenutkov s svojimi najdra\u017eji. Skupaj bomo ustvarjali \u010dudovite slastne kronce dveh okusov.<\/p>\n<p>&nbsp;<\/p>\n","protected":false},"featured_media":2986,"template":"","meta":{"inline_featured_image":false,"_mi_skip_tracking":false},"product_cat":[22,33],"product_tag":[],"yoast_head":"<!-- This site is optimized with the Yoast SEO plugin v20.6 - https:\/\/yoast.com\/wordpress\/plugins\/seo\/ -->\n<title>Family fun - Cukri za konec \u0161ole - Emazing Academy<\/title>\n<meta name=\"robots\" content=\"index, follow, max-snippet:-1, max-image-preview:large, max-video-preview:-1\" \/>\n<link rel=\"canonical\" href=\"https:\/\/emazing-creations.com\/academy\/product\/family-fun-cukri-za-konec-sole\/\" \/>\n<meta property=\"og:locale\" content=\"sl_SI\" \/>\n<meta property=\"og:type\" content=\"article\" \/>\n<meta property=\"og:title\" content=\"Family fun - Cukri za konec \u0161ole - Emazing Academy\" \/>\n<meta property=\"og:description\" content=\"Family fun te\u010daj je namenjen zabavnemu dru\u017eenju in pre\u017eivljanju kvalitetnih trenutkov s svojimi najdra\u017eji. Skupaj bomo ustvarjali \u010dudovite slastne kronce dveh okusov.  &nbsp;\" \/>\n<meta property=\"og:url\" content=\"https:\/\/emazing-creations.com\/academy\/product\/family-fun-cukri-za-konec-sole\/\" \/>\n<meta property=\"og:site_name\" content=\"Emazing Academy\" \/>\n<meta property=\"article:publisher\" content=\"https:\/\/www.facebook.com\/emazingcreationsbyema\/\" \/>\n<meta property=\"article:modified_time\" content=\"2023-04-30T17:37:44+00:00\" \/>\n<meta property=\"og:image\" content=\"https:\/\/emazing-creations.com\/academy\/wp-content\/uploads\/Family-fun-kronce.jpg\" \/>\n\t<meta property=\"og:image:width\" content=\"1200\" \/>\n\t<meta property=\"og:image:height\" content=\"1200\" \/>\n\t<meta property=\"og:image:type\" content=\"image\/jpeg\" \/>\n<meta name=\"twitter:card\" content=\"summary_large_image\" \/>\n<script type=\"application\/ld+json\" class=\"yoast-schema-graph\">{\"@context\":\"https:\/\/schema.org\",\"@graph\":[{\"@type\":\"WebPage\",\"@id\":\"https:\/\/emazing-creations.com\/academy\/product\/family-fun-cukri-za-konec-sole\/\",\"url\":\"https:\/\/emazing-creations.com\/academy\/product\/family-fun-cukri-za-konec-sole\/\",\"name\":\"Family fun - Cukri za konec \u0161ole - Emazing Academy\",\"isPartOf\":{\"@id\":\"https:\/\/emazing-creations.com\/academy\/#website\"},\"datePublished\":\"2023-04-26T06:48:27+00:00\",\"dateModified\":\"2023-04-30T17:37:44+00:00\",\"breadcrumb\":{\"@id\":\"https:\/\/emazing-creations.com\/academy\/product\/family-fun-cukri-za-konec-sole\/#breadcrumb\"},\"inLanguage\":\"sl-SI\",\"potentialAction\":[{\"@type\":\"ReadAction\",\"target\":[\"https:\/\/emazing-creations.com\/academy\/product\/family-fun-cukri-za-konec-sole\/\"]}]},{\"@type\":\"BreadcrumbList\",\"@id\":\"https:\/\/emazing-creations.com\/academy\/product\/family-fun-cukri-za-konec-sole\/#breadcrumb\",\"itemListElement\":[{\"@type\":\"ListItem\",\"position\":1,\"name\":\"Home\",\"item\":\"https:\/\/emazing-creations.com\/academy\/\"},{\"@type\":\"ListItem\",\"position\":2,\"name\":\"Trgovina\",\"item\":\"https:\/\/emazing-creations.com\/academy\/trgovina\/\"},{\"@type\":\"ListItem\",\"position\":3,\"name\":\"Family fun &#8211; Cukri za konec \u0161ole\"}]},{\"@type\":\"WebSite\",\"@id\":\"https:\/\/emazing-creations.com\/academy\/#website\",\"url\":\"https:\/\/emazing-creations.com\/academy\/\",\"name\":\"Emazing Academy\",\"description\":\"Sladki spletni te\u010daji\",\"publisher\":{\"@id\":\"https:\/\/emazing-creations.com\/academy\/#organization\"},\"potentialAction\":[{\"@type\":\"SearchAction\",\"target\":{\"@type\":\"EntryPoint\",\"urlTemplate\":\"https:\/\/emazing-creations.com\/academy\/?s={search_term_string}\"},\"query-input\":\"required name=search_term_string\"}],\"inLanguage\":\"sl-SI\"},{\"@type\":\"Organization\",\"@id\":\"https:\/\/emazing-creations.com\/academy\/#organization\",\"name\":\"Emazing Creations\",\"alternateName\":\"Emazing Creations\",\"url\":\"https:\/\/emazing-creations.com\/academy\/\",\"logo\":{\"@type\":\"ImageObject\",\"inLanguage\":\"sl-SI\",\"@id\":\"https:\/\/emazing-creations.com\/academy\/#\/schema\/logo\/image\/\",\"url\":\"https:\/\/emazing-creations.com\/academy\/wp-content\/uploads\/logo-main-black-2.svg\",\"contentUrl\":\"https:\/\/emazing-creations.com\/academy\/wp-content\/uploads\/logo-main-black-2.svg\",\"width\":547,\"height\":147,\"caption\":\"Emazing Creations\"},\"image\":{\"@id\":\"https:\/\/emazing-creations.com\/academy\/#\/schema\/logo\/image\/\"},\"sameAs\":[\"https:\/\/www.facebook.com\/emazingcreationsbyema\/\"]}]}<\/script>\n<!-- \/ Yoast SEO plugin. -->","yoast_head_json":{"title":"Family fun - Cukri za konec \u0161ole - Emazing Academy","robots":{"index":"index","follow":"follow","max-snippet":"max-snippet:-1","max-image-preview":"max-image-preview:large","max-video-preview":"max-video-preview:-1"},"canonical":"https:\/\/emazing-creations.com\/academy\/product\/family-fun-cukri-za-konec-sole\/","og_locale":"sl_SI","og_type":"article","og_title":"Family fun - Cukri za konec \u0161ole - Emazing Academy","og_description":"Family fun te\u010daj je namenjen zabavnemu dru\u017eenju in pre\u017eivljanju kvalitetnih trenutkov s svojimi najdra\u017eji. Skupaj bomo ustvarjali \u010dudovite slastne kronce dveh okusov.  &nbsp;","og_url":"https:\/\/emazing-creations.com\/academy\/product\/family-fun-cukri-za-konec-sole\/","og_site_name":"Emazing Academy","article_publisher":"https:\/\/www.facebook.com\/emazingcreationsbyema\/","article_modified_time":"2023-04-30T17:37:44+00:00","og_image":[{"width":1200,"height":1200,"url":"https:\/\/emazing-creations.com\/academy\/wp-content\/uploads\/Family-fun-kronce.jpg","type":"image\/jpeg"}],"twitter_card":"summary_large_image","schema":{"@context":"https:\/\/schema.org","@graph":[{"@type":"WebPage","@id":"https:\/\/emazing-creations.com\/academy\/product\/family-fun-cukri-za-konec-sole\/","url":"https:\/\/emazing-creations.com\/academy\/product\/family-fun-cukri-za-konec-sole\/","name":"Family fun - Cukri za konec \u0161ole - Emazing Academy","isPartOf":{"@id":"https:\/\/emazing-creations.com\/academy\/#website"},"datePublished":"2023-04-26T06:48:27+00:00","dateModified":"2023-04-30T17:37:44+00:00","breadcrumb":{"@id":"https:\/\/emazing-creations.com\/academy\/product\/family-fun-cukri-za-konec-sole\/#breadcrumb"},"inLanguage":"sl-SI","potentialAction":[{"@type":"ReadAction","target":["https:\/\/emazing-creations.com\/academy\/product\/family-fun-cukri-za-konec-sole\/"]}]},{"@type":"BreadcrumbList","@id":"https:\/\/emazing-creations.com\/academy\/product\/family-fun-cukri-za-konec-sole\/#breadcrumb","itemListElement":[{"@type":"ListItem","position":1,"name":"Home","item":"https:\/\/emazing-creations.com\/academy\/"},{"@type":"ListItem","position":2,"name":"Trgovina","item":"https:\/\/emazing-creations.com\/academy\/trgovina\/"},{"@type":"ListItem","position":3,"name":"Family fun &#8211; Cukri za konec \u0161ole"}]},{"@type":"WebSite","@id":"https:\/\/emazing-creations.com\/academy\/#website","url":"https:\/\/emazing-creations.com\/academy\/","name":"Emazing Academy","description":"Sladki spletni te\u010daji","publisher":{"@id":"https:\/\/emazing-creations.com\/academy\/#organization"},"potentialAction":[{"@type":"SearchAction","target":{"@type":"EntryPoint","urlTemplate":"https:\/\/emazing-creations.com\/academy\/?s={search_term_string}"},"query-input":"required name=search_term_string"}],"inLanguage":"sl-SI"},{"@type":"Organization","@id":"https:\/\/emazing-creations.com\/academy\/#organization","name":"Emazing Creations","alternateName":"Emazing Creations","url":"https:\/\/emazing-creations.com\/academy\/","logo":{"@type":"ImageObject","inLanguage":"sl-SI","@id":"https:\/\/emazing-creations.com\/academy\/#\/schema\/logo\/image\/","url":"https:\/\/emazing-creations.com\/academy\/wp-content\/uploads\/logo-main-black-2.svg","contentUrl":"https:\/\/emazing-creations.com\/academy\/wp-content\/uploads\/logo-main-black-2.svg","width":547,"height":147,"caption":"Emazing Creations"},"image":{"@id":"https:\/\/emazing-creations.com\/academy\/#\/schema\/logo\/image\/"},"sameAs":["https:\/\/www.facebook.com\/emazingcreationsbyema\/"]}]}},"_links":{"self":[{"href":"https:\/\/emazing-creations.com\/academy\/wp-json\/wp\/v3\/product\/2976"}],"collection":[{"href":"https:\/\/emazing-creations.com\/academy\/wp-json\/wp\/v3\/product"}],"about":[{"href":"https:\/\/emazing-creations.com\/academy\/wp-json\/wp\/v2\/types\/product"}],"wp:featuredmedia":[{"embeddable":true,"href":"https:\/\/emazing-creations.com\/academy\/wp-json\/wp\/v2\/media\/2986"}],"wp:attachment":[{"href":"https:\/\/emazing-creations.com\/academy\/wp-json\/wp\/v2\/media?parent=2976"}],"wp:term":[{"taxonomy":"product_cat","embeddable":true,"href":"https:\/\/emazing-creations.com\/academy\/wp-json\/wp\/v2\/product_cat?post=2976"},{"taxonomy":"product_tag","embeddable":true,"href":"https:\/\/emazing-creations.com\/academy\/wp-json\/wp\/v2\/product_tag?post=2976"}],"curies":[{"name":"wp","href":"https:\/\/api.w.org\/{rel}","templated":true}]}}